5*i + 403837. Give t(-39).
-8
Let m(k) = -2*k**3 - 4*k**2 + 190*k + 436. Calculate m(10).
-64
Let a(r) = 20669*r - 62577. Calculate a(3).
-570
Let j(s) = 590*s + 126335. What is j(-214)?
75
Let c(j) = 283*j + 14375. What is c(-51)?
-58
Let c(o) = -12*o**2 + 263*o - 1523. Give c(10).
-93
Let i(l) = 1267*l - 29071. Calculate i(23).
70
Let w(r) = 185*r - 54812. What is w(296)?
-52
Let x(r) = -6506*r + 669985. Determine x(103).
-133
Let w(z) = z**3 + 238*z**2 + 8*z - 137. Give w(-238).
-2041
Let k(m) = -m**3 - m**2 - 175*m + 2165. Calculate k(11).
-1212
Let d(c) = -3071*c + 132039. Give d(43).
-14
Let o(v) = -7*v**2 - 132*v + 1080. Give o(9).
-675
Let h(t) = t**3 - 2*t**2 - 398*t + 3013. Calculate h(9).
-2
Let p(x) = 175*x**2 - 53722*x - 925. Give p(307).
-4
Let j(m) = -422*m - 30242. Calculate j(-68).
-1546
Let r(l) = 362*l - 5141. Give r(11).
-1159
Let x(t) = -925*t + 63. Give x(1).
-862
Let s(n) = -21*n**2 + 4615*n + 24753. Calculate s(225).
3
Let q(z) = -494*z**2 + 1497*z - 34. Calculate q(3).
11
Let m(v) = -1060*v + 279698. Give m(264).
-142
Let b(c) = 92*c**2 + 893*c - 1. What is b(-7)?
-1744
Let n(b) = 178*b - 11216. Give n(63).
-2
Let n(w) = -w**3 - 338*w**2 - 326*w + 6709. Give n(-5).
14
Let h(u) = 12682*u - 12758083. Calculate h(1006).
9
Let x(y) = 852*y**2 + 3685*y + 2826. Determine x(-1).
-7
Let y(u) = -u**2 - 461*u + 24456. What is y(48)?
24
Let o(l) = 2*l**3 + 123*l**2 + 53*l - 394. Calculate o(-61).
94
Let a(h) = 7*h**2 - 3559*h + 22575. Calculate a(502).
-15
Let u(s) = -s**2 - 10*s + 3809. Determine u(57).
-10
Let a(i) = -13*i**2 + 109*i + 72. Determine a(9).
0
Let r(p) = 4560*p - 519887. Calculate r(114).
-47
Let l(x) = -21*x**2 + 4376*x - 4371. Calculate l(1).
-16
Let s(k) = 9*k**3 - 38*k**2 + 4*k + 14. What is s(6)?
614
Let c(m) = -2*m**3 + 7*m**2 + 129*m + 338. What is c(-5)?
118
Let v(k) = 601281*k - 3607658. Give v(6).
28
Let f(n) = 377*n + 2981. Give f(-6).
719
Let o(m) = -21*m**2 + 7171*m + 14334. Give o(-2).
-92
Let j(b) = -b**3 - 32*b**2 - 91*b - 266. Give j(-29).
-150
Let z(w) = -172*w - 30316. Give z(-177).
128
Let h(n) = -567*n - 79926. Calculate h(-141).
21
Let g(i) = -25*i**2 - 20060*i - 8043. Calculate g(-802).
-23
Let b(u) = -u**2 - 300*u + 15924. What is b(-346)?
8
Let f(l) = 1265*l**3 - 88*l**2 + 74*l + 14. What is f(1)?
1265
Let y(s) = -3*s**3 + 993*s**2 - 4867*s - 7530. What is y(326)?
-32
Let g(u) = -59953*u - 1199053. Give g(-20).
7
Let h(v) = v**3 + 69*v**2 - 103*v - 358. Calculate h(-70).
1952
Let r(s) = 27*s**2 - 1380*s - 2975. Determine r(-2).
-107
Let v(t) = t**2 - 598080*t - 3588515. Determine v(-6).
1
Let o(j) = 17640*j - 7832147. Determine o(444).
13
Let c(l) = 4*l**2 + 295*l - 2274. Calculate c(-85).
1551
Let u(z) = 3*z**3 - 6*z**2 + 420*z + 5989. Give u(-14).
-9299
Let n(q) = -5*q**3 - 179*q**2 + 55*q + 731. Give n(-36).
47
Let b(q) = 12409*q + 794211. Calculate b(-64).
35
Let a(n) = n**3 + 8*n**2 - 38*n + 42. Give a(-11).
97
Let f(o) = 40*o**2 + 661*o + 169. Calculate f(-16).
-167
Let s(n) = 7*n**2 + 61*n. Determine s(5).
480
Let y(v) = 162*v - 9305. What is y(58)?
91
Let y(u) = 209*u - 4882. Determine y(31).
1597
Let w(q) = -q**2 + 1170*q - 41907. What is w(37)?
14
Let x(m) = -1130*m + 85938. Calculate x(76).
58
Let l(d) = -2134*d + 37883. Give l(18).
-529
Let r(v) = -20*v**2 + 813*v - 397. Give r(40).
123
Let b(l) = l**2 - 522*l + 14746. Give b(32).
-934
Let p(x) = -10*x**2 + 5951*x + 220540. Give p(-35).
5
Let u(x) = x**3 - 35*x**2 - 1931*x - 14810. What is u(-10)?
0
Let f(g) = g**2 + 206*g + 103. Give f(7).
1594
Let p(w) = -w**3 + 22*w**2 - 41*w. What is p(6)?
330
Let t(n) = n**3 - 98*n**2 + 43*n - 5118. Determine t(98).
-904
Let i(c) = 6*c**3 + 173*c**2 - 6*c + 618. What is i(-29)?
-49
Let c(w) = 2171*w + 770712. Determine c(-355).
7
Let j(u) = 4*u**2 + 5653*u + 763521. Determine j(-1262).
11
Let p(m) = m**3 + 30*m**2 + 245*m + 8500. What is p(-31)?
-56
Let d(i) = 432*i - 5616. What is d(16)?
1296
Let n(c) = c**3 - 14*c**2 - 8*c - 252. What is n(16)?
132
Let r(w) = 49*w - 2977. What is r(51)?
-478
Let j(c) = 352*c - 2683. Determine j(7).
-219
Let z(s) = -s**2 - 2175*s + 17400. Calculate z(8).
-64
Let d(x) = x**2 + 112*x - 2037. Give d(-128).
11
Let h(v) = 106845*v + 10043425. What is h(-94)?
-5
Let j(a) = -23*a**2 + 384*a - 653. Give j(15).
-68
Let m(w) = w**3 + 9*w**2 - 39*w + 47. Determine m(12).
2603
Let v(m) = -1605*m - 23975. Give v(-16).
1705
Let k(q) = -25047*q + 49600. Determine k(2).
-494
Let s(a) = 21*a**2 - 9679*a + 56412. Calculate s(455).
-8
Let b(z) = -z**3 + 50*z**2 - 115*z + 5742. Determine b(50).
-8
Let a(f) = -16*f**2 - 123*f + 330. What is a(-10)?
-40
Let w(b) = -1334*b - 109151. Calculate w(-82).
237
Let v(m) = 1399*m - 6054. Determine v(5).
941
Let c(i) = 73*i**2 + 5211*i + 168. Give c(-71).
-1820
Let j(t) = 283*t**2 + 181*t + 357. Give j(-2).
1127
Let x(t) = 25*t - 1846. What is x(131)?
1429
Let i(w) = 6*w**2 - 167*w - 2085. Calculate i(37).
-50
Let f(o) = -2546*o - 1043871. Give f(-410).
-11
Let t(z) = 5393*z + 216381. Give t(-40).
661
Let d(j) = j**2 + 19*j - 4668. What is d(-72)?
-852
Let j(x) = 426154*x - 2130774. Determine j(5).
-4
Let r(t) = -1394*t - 22545. Calculate r(-16).
-241
Let h(p) = -7*p**3 + 413*p**2 - 415*p + 451. Give h(58).
-71
Let h(d) = -1761*d**2 + 73*d + 67. Determine h(-1).
-1767
Let k(q) = q**2 - 16461*q - 412268. Give k(-25).
-118
Let y(n) = 716655*n + 1433341. Determine y(-2).
31
Let l(v) = 2602*v - 148185. Determine l(57).
129
Let j(w) = -2*w**3 + 54*w**2 + 728*w - 19676. Determine j(27).
-20
Let s(w) = -15*w**2 + 1066*w + 22438. What is s(-17)?
-19
Let j(i) = -19639*i + 4732992. Calculate j(241).
-7
Let o(n) = 5*n**3 + 331*n**2 + 63*n + 241. What is o(-66)?
439
Let b(f) = 11948*f - 848291. Determine b(71).
17
Let n(w) = -2*w**2 + 265*w + 1494. Determine n(-6).
-168
Let y(g) = 1548*g + 244627. What is y(-158)?
43
Let q(z) = -7*z**2 + 403*z - 5859. Determine q(29).
-59
Let c(a) = 6*a**2 + 1820*a - 282268. Give c(113).
6
Let k(y) = -y**3 + 599*y**2 + 14949*y + 65. Determine k(-24).
137
Let z(u) = u**2 + 122*u - 483. Calculate z(4).
21
Let q(i) = -801*i - 1662. Determine q(-2).
-60
Let b(y) = -y**3 - 592*y**2 + 2637*y - 2904. Calculate b(2).
-6
Let u(m) = -m**3 - 452*m**2 - 14556*m - 143797. Calculate u(-418).
-5
Let q(p) = 27408*p - 794838. Calculate q(29).
-6
Let g(q) = -q**3 - 5*q**2 - 130*q - 311. What is g(-3)?
61
Let w(i) = i**3 + 8*i**2 - 247*i - 133. What is w(-20)?
7
Let k(j) = 2*j**3 + 829*j**2 + 3275*j - 17. Give k(-4).
19
Let w(r) = 1117*r - 7596. Determine w(7).
223
Let m(y) = 124934*y - 4997383. What is m(40)?
-23
Let t(p) = -p**2 - 133987*p - 3750871. Calculate t(-28).
-19
Let f(h) = h**3 - 32*h**2 + 53*h + 76. Calculate f(26).
-2602
Let n(w) = -w**3 - 24*w**2 - 40*w + 474. What is n(-21)?
-9
Let x(v) = -237*v - 24818. Calculate x(-105).
67
Let h(v) = v**2 - 4900*v + 223289. What is h(46)?
5
Let y(l) = -l**3 + 533*l**2 + 2654*l - 4. Give y(-5).
176
Let k(z) = 3*z**2 + 1667*z + 21220. Determine k(-13).
56
Let o(b) = 4*b**3 - 157*b**2 + 259*b - 8584. Give o(39).
-4
Let s(r) = r**3 - 3*r**2 - 1724*r - 18025. Calculate s(-11).
-755
Let w(i) = i**2 - 1310*i + 428798. Calculate w(640).
-2
Let n(a) = 81*a**2 + 12385*a + 39. Calculate n(-153).
1263
Let s(o) = -1167*o - 6040. Calculate s(-7).
2129
Let q(i) = 124*i**2 + 22013*i - 10500. What is q(-178)?
2
Let y(o) = o**3 + 69*o**2 - 722*o - 632. Give y(-78).
928
Let f(q) = -3*q**3 + 127*q**2 - 1335*q - 112. Give f(20).
-12
Let k(i) = -75*i**2 - 4195*i - 11637. Calculate k(-53).
23
Let f(w) = -120*w + 14750. What is f(120)?
350
Let w(h) = -h**3 + 16*h**2 + 745*h - 4819. What is w(6)?
11
Let p(i) = -13344*i + 253540. Give p(19).
4
Let p(v) = 13165*v + 3212267. Determine p(-244).
7
Let f(v) = -1383*v - 175689. Determine f(-127).
-48
Let d(c) = -80*c**3 - 131*c**2 + 7*c + 6. Calculate d(-2).
108
Let m(c) = -3126*c**2 - 34389*c - 88. Give m(-11).
-55
Let k(z) = -z**3 - 139*z**2 - 3372*z + 26. Calculate k(-32).
-1638
Let j(s) = -12*s**2 + 36*s + 8. Determine j(2).
32
Let b(q) = -37*q**2 + 1335*q - 4835. Give b(32).
-3
Let w(h) = 3*h**2 - 81*h - 539. Determine w(29).
-365
Let o(x) = 3*x**2 + 452*x + 11898. Determine o(-34).
-2
Let b(l) = 10*l**3 + 118*l**2 - 19*l + 4. What is b(-12)?
-56
Let s(